{"id":10,"date":"2023-09-29T06:48:15","date_gmt":"2023-09-29T04:48:15","guid":{"rendered":"https:\/\/baden-developpement.org\/?page_id=10"},"modified":"2025-12-17T09:15:08","modified_gmt":"2025-12-17T08:15:08","slug":"qui-sommes-nous","status":"publish","type":"page","link":"https:\/\/baden-developpement.org\/index.php\/qui-sommes-nous\/","title":{"rendered":"Qui sommes nous ?"},"content":{"rendered":"\n<p class=\"has-vivid-cyan-blue-color has-text-color has-link-color wp-elements-9e70c56b77dff63f2c9fbe1f6967f777\">courrier.abd@gmail.com<\/p>\n\n\n\n<h2 class=\"wp-block-heading\">QUI ?<\/h2>\n\n\n\n<p>R\u00e9unis autour de perspectives communes pour le d\u00e9veloppement de notre ville,  nous avons cr\u00e9\u00e9, dans un esprit citoyen, non partisan et ouvert, l\u2019 ASSOCIATION BADEN DEVELOPPEMENT.<\/p>\n\n\n\n<h2 class=\"wp-block-heading\">QUOI ?<\/h2>\n\n\n\n<ul class=\"wp-block-list\">\n<li>Contribuer \u00e0 la <strong>vitalit\u00e9 de notre commune<\/strong>, <\/li>\n\n\n\n<li>Accompagner son <strong>d\u00e9veloppement harmonieux et durable<\/strong>, plus particuli\u00e8rement dans les domaines \u00e9conomique et social, environnemental, urbanisme et culturel,<\/li>\n\n\n\n<li>Devenir <strong>source de propositions<\/strong>, de projets et actions concr\u00e8tes, pour et avec les Badennois.<\/li>\n<\/ul>\n\n\n\n<h2 class=\"wp-block-heading\">COMMENT ?<\/h2>\n\n\n\n<ul class=\"wp-block-list\">\n<li>Mise en relation des acteurs et structures, \u00e0 savoir :\n<ul class=\"wp-block-list\">\n<li>Les Badennois, les acteurs de la vie \u00e9conomique, municipale, sociale, culturelle et associative.<\/li>\n\n\n\n<li>Les communes limitrophes et les partenaires externes, notamment GMVA, le PNR du Golfe du Morbihan et les Chambres consulaires.<\/li>\n<\/ul>\n<\/li>\n\n\n\n<li>Utilisation <strong>de toutes les comp\u00e9tences et exp\u00e9riences professionnelles<\/strong> des membres de l\u2019association, et mobilisation de leurs r\u00e9seaux au service de l\u2019objectif commun.<\/li>\n\n\n\n<li>Veille par secteurs d\u2019activit\u00e9s, <strong>analyses et argumentaires<\/strong><\/li>\n<\/ul>\n\n\n\n<h2 class=\"wp-block-heading\">AVEC VOUS<\/h2>\n\n\n\n<ul class=\"wp-block-list\">\n<li><strong>R\u00e9unions d\u2019adh\u00e9rents<\/strong> <strong>et sympathisants<\/strong> (g\u00e9n\u00e9rales et th\u00e9matiques).<\/li>\n\n\n\n<li><strong>R\u00e9unions publiques<\/strong> \u00e0 destination de futurs sympathisants.<\/li>\n\n\n\n<li><strong>Conf\u00e9rences<\/strong> pour \u00e9clairer les enjeux locaux du territoire<\/li>\n\n\n\n<li>Publications de <strong>bulletins d\u2019information<\/strong> et <strong>newsletters<\/strong>.<\/li>\n\n\n\n<li>Animation <strong>site web<\/strong> et <strong>r\u00e9seaux sociaux<\/strong>.<br><\/li>\n<\/ul>\n\n\n\n<p class=\"has-luminous-vivid-orange-color has-text-color\" style=\"font-size:27px\"><br><strong>CONSEIL D&rsquo;ADMINISTRATION<\/strong> (au 15 d\u00e9cembre 2025)<\/p>\n\n\n\n<p class=\"has-black-color has-text-color has-link-color has-medium-font-size wp-elements-acbdf048d057bb07eaf4f5ebd3043716\"><strong>Pr\u00e9sident:<\/strong> Denis SENPERE<br><strong>Vice-Pr\u00e9sidents:<\/strong> Roger COURTINAT, Mich\u00e8le LE BARS<br><strong>Secr\u00e9taire G\u00e9n\u00e9rale<\/strong> par int\u00e9rim:  Mich\u00e8le LE BARS<br><strong>Tr\u00e9sorier:<\/strong> Patrick ROCHER<br><strong>Administrateurs:<\/strong> Harold BRASNU, Carline HUSLIN, Armand JOLY, Alain MENARD, <br>Marcel ROBIGO, Patrick ROCHER, Patrice RUYSSEN, Nathalie TANGUY, Emmanuel VILMIN<br><br><em>nota:<br>conform\u00e9ment \u00e0 nos statuts, Jean-Charles DUMONT, pr\u00e9c\u00e9demment Secr\u00e9taire G\u00e9n\u00e9ral, a donn\u00e9 sa d\u00e9mission afin de pouvoir int\u00e9grer une liste aux \u00e9lections municipales.<\/em> <em>Mich\u00e8le LE BARS assure cette fonction par int\u00e9rim jusqu&rsquo;\u00e0 la prochaine AG de ABD en avril 2026.<\/em><\/p>\n\n\n\n<p class=\"has-black-color has-text-color has-link-color has-medium-font-size wp-elements-44afad7136657b82cf62ab18bf3a03dd\"><br><strong>ASPECTS ADMINISTRATIFS DE l&rsquo;ASSOCIATION<\/strong><\/p>\n\n\n\n<p>Si\u00e8ge social:  23 Chemin de la Croix Perdue &#8211; 56870 BADEN<br>Registre National Associations (RNA): W563013843<br>SIRET: 924 807 977 00013<br>Banque: Cr\u00e9dit Agricole du Morbihan<br>Assurance: MAIF<\/p>\n\n\n\n<p><br><\/p>\n\n\n\n<p><\/p>\n\n\n\n<p><br><\/p>\n","protected":false},"excerpt":{"rendered":"<p>courrier.abd@gmail.com QUI ? R\u00e9unis autour de perspectives communes pour le d\u00e9veloppement de notre ville, nous avons cr\u00e9\u00e9, dans un esprit citoyen, non partisan et ouvert, l\u2019 ASSOCIATION BADEN DEVELOPPEMENT. QUOI ? COMMENT ? AVEC VOUS CONSEIL D&rsquo;ADMINISTRATION (au 15 d\u00e9cembre 2025) Pr\u00e9sident: Denis SENPEREVice-Pr\u00e9sidents: Roger COURTINAT, Mich\u00e8le LE BARSSecr\u00e9taire G\u00e9n\u00e9rale par int\u00e9rim: Mich\u00e8le LE BARSTr\u00e9sorier: Patrick ROCHERAdministrateurs: Harold BRASNU, Carline HUSLIN, Armand JOLY, Alain MENARD, Marcel ROBIGO, Patrick ROCHER, Patrice RUYSSEN, Nathalie TANGUY, Emmanuel VILMIN nota:conform\u00e9ment \u00e0 nos statuts, Jean-Charles DUMONT, pr\u00e9c\u00e9demment Secr\u00e9taire G\u00e9n\u00e9ral, a donn\u00e9 sa d\u00e9mission afin de pouvoir int\u00e9grer une liste aux \u00e9lections municipales. Mich\u00e8le LE BARS assure cette fonction par int\u00e9rim jusqu&rsquo;\u00e0 la prochaine AG de ABD en avril 2026. ASPECTS ADMINISTRATIFS DE l&rsquo;ASSOCIATION Si\u00e8ge social: 23 Chemin de la Croix Perdue &#8211; 56870 BADENRegistre National Associations (RNA): W563013843SIRET: 924 807 977 00013Banque: Cr\u00e9dit Agricole du MorbihanAssurance: MAIF<\/p>\n","protected":false},"author":1,"featured_media":0,"parent":0,"menu_order":0,"comment_status":"closed","ping_status":"closed","template":"","meta":{"_monsterinsights_skip_tracking":false,"_monsterinsights_sitenote_active":false,"_monsterinsights_sitenote_note":"","_monsterinsights_sitenote_category":0,"footnotes":""},"class_list":["post-10","page","type-page","status-publish","hentry"],"yoast_head":"<!-- This site is optimized with the Yoast SEO plugin v27.4 - https:\/\/yoast.com\/product\/yoast-seo-wordpress\/ -->\n<title>Qui sommes nous ? - Association Baden D\u00e9veloppement<\/title>\n<meta name=\"robots\" content=\"index, follow, max-snippet:-1, max-image-preview:large, max-video-preview:-1\" \/>\n<link rel=\"canonical\" href=\"https:\/\/baden-developpement.org\/index.php\/qui-sommes-nous\/\" \/>\n<meta property=\"og:locale\" content=\"fr_FR\" \/>\n<meta property=\"og:type\" content=\"article\" \/>\n<meta property=\"og:title\" content=\"Qui sommes nous ? - Association Baden D\u00e9veloppement\" \/>\n<meta property=\"og:description\" content=\"courrier.abd@gmail.com QUI ? R\u00e9unis autour de perspectives communes pour le d\u00e9veloppement de notre ville, nous avons cr\u00e9\u00e9, dans un esprit citoyen, non partisan et ouvert, l\u2019 ASSOCIATION BADEN DEVELOPPEMENT. QUOI ? COMMENT ? AVEC VOUS CONSEIL D&rsquo;ADMINISTRATION (au 15 d\u00e9cembre 2025) Pr\u00e9sident: Denis SENPEREVice-Pr\u00e9sidents: Roger COURTINAT, Mich\u00e8le LE BARSSecr\u00e9taire G\u00e9n\u00e9rale par int\u00e9rim: Mich\u00e8le LE BARSTr\u00e9sorier: Patrick ROCHERAdministrateurs: Harold BRASNU, Carline HUSLIN, Armand JOLY, Alain MENARD, Marcel ROBIGO, Patrick ROCHER, Patrice RUYSSEN, Nathalie TANGUY, Emmanuel VILMIN nota:conform\u00e9ment \u00e0 nos statuts, Jean-Charles DUMONT, pr\u00e9c\u00e9demment Secr\u00e9taire G\u00e9n\u00e9ral, a donn\u00e9 sa d\u00e9mission afin de pouvoir int\u00e9grer une liste aux \u00e9lections municipales. Mich\u00e8le LE BARS assure cette fonction par int\u00e9rim jusqu&rsquo;\u00e0 la prochaine AG de ABD en avril 2026. ASPECTS ADMINISTRATIFS DE l&rsquo;ASSOCIATION Si\u00e8ge social: 23 Chemin de la Croix Perdue &#8211; 56870 BADENRegistre National Associations (RNA): W563013843SIRET: 924 807 977 00013Banque: Cr\u00e9dit Agricole du MorbihanAssurance: MAIF\" \/>\n<meta property=\"og:url\" content=\"https:\/\/baden-developpement.org\/index.php\/qui-sommes-nous\/\" \/>\n<meta property=\"og:site_name\" content=\"Association Baden D\u00e9veloppement\" \/>\n<meta property=\"article:modified_time\" content=\"2025-12-17T08:15:08+00:00\" \/>\n<meta name=\"twitter:card\" content=\"summary_large_image\" \/>\n<meta name=\"twitter:label1\" content=\"Dur\u00e9e de lecture estim\u00e9e\" \/>\n\t<meta name=\"twitter:data1\" content=\"2 minutes\" \/>\n<script type=\"application\/ld+json\" class=\"yoast-schema-graph\">{\"@context\":\"https:\\\/\\\/schema.org\",\"@graph\":[{\"@type\":\"WebPage\",\"@id\":\"https:\\\/\\\/baden-developpement.org\\\/index.php\\\/qui-sommes-nous\\\/\",\"url\":\"https:\\\/\\\/baden-developpement.org\\\/index.php\\\/qui-sommes-nous\\\/\",\"name\":\"Qui sommes nous ? - Association Baden D\u00e9veloppement\",\"isPartOf\":{\"@id\":\"http:\\\/\\\/baden-developpement.org\\\/#website\"},\"datePublished\":\"2023-09-29T04:48:15+00:00\",\"dateModified\":\"2025-12-17T08:15:08+00:00\",\"breadcrumb\":{\"@id\":\"https:\\\/\\\/baden-developpement.org\\\/index.php\\\/qui-sommes-nous\\\/#breadcrumb\"},\"inLanguage\":\"fr-FR\",\"potentialAction\":[{\"@type\":\"ReadAction\",\"target\":[\"https:\\\/\\\/baden-developpement.org\\\/index.php\\\/qui-sommes-nous\\\/\"]}]},{\"@type\":\"BreadcrumbList\",\"@id\":\"https:\\\/\\\/baden-developpement.org\\\/index.php\\\/qui-sommes-nous\\\/#breadcrumb\",\"itemListElement\":[{\"@type\":\"ListItem\",\"position\":1,\"name\":\"Accueil\",\"item\":\"http:\\\/\\\/baden-developpement.org\\\/\"},{\"@type\":\"ListItem\",\"position\":2,\"name\":\"Qui sommes nous ?\"}]},{\"@type\":\"WebSite\",\"@id\":\"http:\\\/\\\/baden-developpement.org\\\/#website\",\"url\":\"http:\\\/\\\/baden-developpement.org\\\/\",\"name\":\"Association Baden D\u00e9veloppement\",\"description\":\"Demain se construit aujourd&#039;hui\",\"publisher\":{\"@id\":\"http:\\\/\\\/baden-developpement.org\\\/#organization\"},\"potentialAction\":[{\"@type\":\"SearchAction\",\"target\":{\"@type\":\"EntryPoint\",\"urlTemplate\":\"http:\\\/\\\/baden-developpement.org\\\/?s={search_term_string}\"},\"query-input\":{\"@type\":\"PropertyValueSpecification\",\"valueRequired\":true,\"valueName\":\"search_term_string\"}}],\"inLanguage\":\"fr-FR\"},{\"@type\":\"Organization\",\"@id\":\"http:\\\/\\\/baden-developpement.org\\\/#organization\",\"name\":\"Association Baden D\u00e9veloppement\",\"url\":\"http:\\\/\\\/baden-developpement.org\\\/\",\"logo\":{\"@type\":\"ImageObject\",\"inLanguage\":\"fr-FR\",\"@id\":\"http:\\\/\\\/baden-developpement.org\\\/#\\\/schema\\\/logo\\\/image\\\/\",\"url\":\"https:\\\/\\\/baden-developpement.org\\\/wp-content\\\/uploads\\\/2023\\\/09\\\/logo_abd_rc_tr.png\",\"contentUrl\":\"https:\\\/\\\/baden-developpement.org\\\/wp-content\\\/uploads\\\/2023\\\/09\\\/logo_abd_rc_tr.png\",\"width\":1051,\"height\":623,\"caption\":\"Association Baden D\u00e9veloppement\"},\"image\":{\"@id\":\"http:\\\/\\\/baden-developpement.org\\\/#\\\/schema\\\/logo\\\/image\\\/\"}}]}<\/script>\n<!-- \/ Yoast SEO plugin. -->","yoast_head_json":{"title":"Qui sommes nous ? - Association Baden D\u00e9veloppement","robots":{"index":"index","follow":"follow","max-snippet":"max-snippet:-1","max-image-preview":"max-image-preview:large","max-video-preview":"max-video-preview:-1"},"canonical":"https:\/\/baden-developpement.org\/index.php\/qui-sommes-nous\/","og_locale":"fr_FR","og_type":"article","og_title":"Qui sommes nous ? - Association Baden D\u00e9veloppement","og_description":"courrier.abd@gmail.com QUI ? R\u00e9unis autour de perspectives communes pour le d\u00e9veloppement de notre ville, nous avons cr\u00e9\u00e9, dans un esprit citoyen, non partisan et ouvert, l\u2019 ASSOCIATION BADEN DEVELOPPEMENT. QUOI ? COMMENT ? AVEC VOUS CONSEIL D&rsquo;ADMINISTRATION (au 15 d\u00e9cembre 2025) Pr\u00e9sident: Denis SENPEREVice-Pr\u00e9sidents: Roger COURTINAT, Mich\u00e8le LE BARSSecr\u00e9taire G\u00e9n\u00e9rale par int\u00e9rim: Mich\u00e8le LE BARSTr\u00e9sorier: Patrick ROCHERAdministrateurs: Harold BRASNU, Carline HUSLIN, Armand JOLY, Alain MENARD, Marcel ROBIGO, Patrick ROCHER, Patrice RUYSSEN, Nathalie TANGUY, Emmanuel VILMIN nota:conform\u00e9ment \u00e0 nos statuts, Jean-Charles DUMONT, pr\u00e9c\u00e9demment Secr\u00e9taire G\u00e9n\u00e9ral, a donn\u00e9 sa d\u00e9mission afin de pouvoir int\u00e9grer une liste aux \u00e9lections municipales. Mich\u00e8le LE BARS assure cette fonction par int\u00e9rim jusqu&rsquo;\u00e0 la prochaine AG de ABD en avril 2026. ASPECTS ADMINISTRATIFS DE l&rsquo;ASSOCIATION Si\u00e8ge social: 23 Chemin de la Croix Perdue &#8211; 56870 BADENRegistre National Associations (RNA): W563013843SIRET: 924 807 977 00013Banque: Cr\u00e9dit Agricole du MorbihanAssurance: MAIF","og_url":"https:\/\/baden-developpement.org\/index.php\/qui-sommes-nous\/","og_site_name":"Association Baden D\u00e9veloppement","article_modified_time":"2025-12-17T08:15:08+00:00","twitter_card":"summary_large_image","twitter_misc":{"Dur\u00e9e de lecture estim\u00e9e":"2 minutes"},"schema":{"@context":"https:\/\/schema.org","@graph":[{"@type":"WebPage","@id":"https:\/\/baden-developpement.org\/index.php\/qui-sommes-nous\/","url":"https:\/\/baden-developpement.org\/index.php\/qui-sommes-nous\/","name":"Qui sommes nous ? - Association Baden D\u00e9veloppement","isPartOf":{"@id":"http:\/\/baden-developpement.org\/#website"},"datePublished":"2023-09-29T04:48:15+00:00","dateModified":"2025-12-17T08:15:08+00:00","breadcrumb":{"@id":"https:\/\/baden-developpement.org\/index.php\/qui-sommes-nous\/#breadcrumb"},"inLanguage":"fr-FR","potentialAction":[{"@type":"ReadAction","target":["https:\/\/baden-developpement.org\/index.php\/qui-sommes-nous\/"]}]},{"@type":"BreadcrumbList","@id":"https:\/\/baden-developpement.org\/index.php\/qui-sommes-nous\/#breadcrumb","itemListElement":[{"@type":"ListItem","position":1,"name":"Accueil","item":"http:\/\/baden-developpement.org\/"},{"@type":"ListItem","position":2,"name":"Qui sommes nous ?"}]},{"@type":"WebSite","@id":"http:\/\/baden-developpement.org\/#website","url":"http:\/\/baden-developpement.org\/","name":"Association Baden D\u00e9veloppement","description":"Demain se construit aujourd&#039;hui","publisher":{"@id":"http:\/\/baden-developpement.org\/#organization"},"potentialAction":[{"@type":"SearchAction","target":{"@type":"EntryPoint","urlTemplate":"http:\/\/baden-developpement.org\/?s={search_term_string}"},"query-input":{"@type":"PropertyValueSpecification","valueRequired":true,"valueName":"search_term_string"}}],"inLanguage":"fr-FR"},{"@type":"Organization","@id":"http:\/\/baden-developpement.org\/#organization","name":"Association Baden D\u00e9veloppement","url":"http:\/\/baden-developpement.org\/","logo":{"@type":"ImageObject","inLanguage":"fr-FR","@id":"http:\/\/baden-developpement.org\/#\/schema\/logo\/image\/","url":"https:\/\/baden-developpement.org\/wp-content\/uploads\/2023\/09\/logo_abd_rc_tr.png","contentUrl":"https:\/\/baden-developpement.org\/wp-content\/uploads\/2023\/09\/logo_abd_rc_tr.png","width":1051,"height":623,"caption":"Association Baden D\u00e9veloppement"},"image":{"@id":"http:\/\/baden-developpement.org\/#\/schema\/logo\/image\/"}}]}},"_links":{"self":[{"href":"https:\/\/baden-developpement.org\/index.php\/wp-json\/wp\/v2\/pages\/10","targetHints":{"allow":["GET"]}}],"collection":[{"href":"https:\/\/baden-developpement.org\/index.php\/wp-json\/wp\/v2\/pages"}],"about":[{"href":"https:\/\/baden-developpement.org\/index.php\/wp-json\/wp\/v2\/types\/page"}],"author":[{"embeddable":true,"href":"https:\/\/baden-developpement.org\/index.php\/wp-json\/wp\/v2\/users\/1"}],"replies":[{"embeddable":true,"href":"https:\/\/baden-developpement.org\/index.php\/wp-json\/wp\/v2\/comments?post=10"}],"version-history":[{"count":25,"href":"https:\/\/baden-developpement.org\/index.php\/wp-json\/wp\/v2\/pages\/10\/revisions"}],"predecessor-version":[{"id":764,"href":"https:\/\/baden-developpement.org\/index.php\/wp-json\/wp\/v2\/pages\/10\/revisions\/764"}],"wp:attachment":[{"href":"https:\/\/baden-developpement.org\/index.php\/wp-json\/wp\/v2\/media?parent=10"}],"curies":[{"name":"wp","href":"https:\/\/api.w.org\/{rel}","templated":true}]}}